 of 1215?
3, 5
List the prime factors of 31957.
31957
What are the prime factors of 11449?
107
List the prime factors of 28459.
149, 191
List the prime factors of 942.
2, 3, 157
What are the prime factors of 33943?
7, 13, 373
List the prime factors of 11799.
3, 19, 23
List the prime factors of 33782.
2, 7, 19, 127
What are the prime factors of 30721?
31, 991
What are the prime factors of 242?
2, 11
List the prime factors of 2055.
3, 5, 137
What are the prime factors of 9141?
3, 11, 277
List the prime factors of 13880.
2, 5, 347
List the prime factors of 40689.
3, 11, 137
What are the prime factors of 22769?
22769
What are the prime factors of 1841?
7, 263
What are the prime factors of 10423?
7, 1489
List the prime factors of 50.
2, 5
List the prime factors of 196017.
3, 223, 293
What are the prime factors of 29086?
2, 14543
List the prime factors of 1531.
1531
What are the prime factors of 140609?
7, 53, 379
List the prime factors of 151.
151
What are the prime factors of 28804?
2, 19, 379
What are the prime factors of 1853?
17, 109
What are the prime factors of 1148?
2, 7, 41
List the prime factors of 12775.
5, 7, 73
What are the prime factors of 4205?
5, 29
List the prime factors of 60536.
2, 7, 23, 47
List the prime factors of 1740.
2, 3, 5, 29
What are the prime factors of 10334?
2, 5167
What are the prime factors of 549?
3, 61
List the prime factors of 81103.
11, 73, 101
What are the prime factors of 77652?
2, 3, 719
What are the prime factors of 2662?
2, 11
List the prime factors of 41002.
2, 13, 19, 83
List the prime factors of 2749.
2749
What are the prime factors of 1008?
2, 3, 7
What are the prime factors of 1690?
2, 5, 13
List the prime factors of 4831.
4831
List the prime factors of 4074.
2, 3, 7, 97
What are the prime factors of 9?
3
List the prime factors of 4073.
4073
List the prime factors of 141023.
141023
What are the prime factors of 2337?
3, 19, 41
What are the prime factors of 1591?
37, 43
What are the prime factors of 37734?
2, 3, 19, 331
What are the prime factors of 12845?
5, 7, 367
What are the prime factors of 694?
2, 347
What are the prime factors of 34999?
31, 1129
List the prime factors of 2510.
2, 5, 251
What are the prime factors of 2683?
2683
What are the prime factors of 350?
2, 5, 7
What are the prime factors of 6370?
2, 5, 7, 13
What are the prime factors of 35493?
3, 11831
What are the prime factors of 3739?
3739
What are the prime factors of 1972?
2, 17, 29
List the prime factors of 306.
2, 3, 17
What are the prime factors of 30997?
139, 223
What are the prime factors of 1483?
1483
What are the prime factors of 2926?
2, 7, 11, 19
List the prime factors of 91448.
2, 7, 23, 71
What are the prime factors of 6070?
2, 5, 607
List the prime factors of 1220.
2, 5, 61
List the prime factors of 75668.
2, 18917
List the prime factors of 960.
2, 3, 5
List the prime factors of 2657.
2657
List the prime factors of 3785.
5, 757
What are the prime factors of 695?
5, 139
What are the prime factors of 8044?
2, 2011
List the prime factors of 3914.
2, 19, 103
What are the prime factors of 457?
457
What are the prime factors of 452?
2, 113
List the prime factors of 2100.
2, 3, 5, 7
List the prime factors of 480.
2, 3, 5
What are the prime factors of 2605?
5, 521
What are the prime factors of 672?
2, 3, 7
List the prime factors of 12766.
2, 13, 491
List the prime factors of 101602.
2, 37, 1373
What are the prime factors of 16866?
2, 3, 937
What are the prime factors of 126119?
7, 43, 419
What are the prime factors of 10522?
2, 5261
What are the prime factors of 1593?
3, 59
List the prime factors of 68594.
2, 34297
What are the prime factors of 8524?
2, 2131
List the prime factors of 457.
457
List the prime factors of 3398.
2, 1699
List the prime factors of 4937.
4937
What are the prime factors of 7402?
2, 3701
List the prime factors of 90695.
5, 11, 17, 97
What are the prime factors of 184059?
3, 17, 401
What are the prime factors of 10522?
2, 5261
What are the prime factors of 99186?
2, 3, 61, 271
List the prime factors of 427.
7, 61
List the prime factors of 4472.
2, 13, 43
What are the prime factors of 13857?
3, 31, 149
What are the prime factors of 3049?
3049
List the prime factors of 7247.
7247
What are the prime factors of 10596?
2, 3, 883
List the prime factors of 6563.
6563
List the prime factors of 1593.
3, 59
What are the prime factors of 1979?
1979
What are the prime factors of 7505?
5, 19, 79
List the prime factors of 2481.
3, 827
What are the prime factors of 1050?
2, 3, 5, 7
What are the prime factors of 18834?
2, 3, 43, 73
List the prime factors of 41335.
5, 7, 1181
List the prime factors of 3096.
2, 3, 43
What are the prime factors of 1993?
1993
What are the prime factors of 17506?
2, 8753
What are the prime factors of 63134?
2, 31567
List the prime factors of 77.
7, 11
What are the prime factors of 12788?
2, 23, 139
What are the prime factors of 8781?
3, 2927
What are the prime factors of 1131?
3, 13, 29
List the prime factors of 504.
2, 3, 7
List the prime factors of 32368.
2, 7, 17
List the prime factors of 72170.
2, 5, 7, 1031
List the prime factors of 358.
2, 179
What are the prime factors of 538?
2, 269
What are the prime factors of 87751?
87751
What are the prime factors of 2359?
7, 337
List the prime factors of 2057.
11, 17
What are the prime factors of 1057?
7, 151
What are the prime factors of 882?
2, 3, 7
List the prime factors of 1517.
37, 41
What are the prime factors of 26495?
5, 7, 757
What are the prime factors of 1267?
7, 181
What are the prime factors of 610?
2, 5, 61
What are the prime factors of 1179?
3, 131
What are the prime factors of 3251?
3251
List the prime factors of 4171.
43, 97
What are the prime factors of 2125?
5, 17
List the prime factors of 1140.
2, 3, 5, 19
What are the prime factors of 234?
2, 3, 13
List the prime factors of 41524.
2, 7, 1483
What are the prime factors of 1798?
2, 29, 31
List the prime factors of 28812.
2, 3, 7
List the prime factors of 69.
3, 23
List the prime factors of 1275.
3, 5, 17
What are the prime factors of 21352?
2, 17, 157
What are the prime factors of 1610?
2, 5, 7, 23
What are the prime factors of 90209?
7, 263
List the prime factors of 72216.
2, 3, 17, 59
List the prime factors of 6029.
6029
List the prime factors of 79760.
2, 5, 997
What are the prime factors of 4772?
2, 1193
What are the prime factors of 7421?
41, 181
What are the prime factors of 5295?
3, 5, 353
List the prime factors of 757.
757
List the prime factors of 2364.
2, 3, 197
What are the prime factors of 647?
647
List the prime factors of 1487.
1487
List the prime factors of 498.
2, 3, 83
List the prime factors of 1133.
11, 103
What are the prime factors of 49085?
5, 9817
List the prime factors of 980.
2, 5, 7
What are the prime factors of 2154?
2, 3, 359
What are the prime factors of 24016?
2, 19, 79
List the prime factors of 939.
3, 313
What are the prime factors of 740?
2, 5, 37
List the prime factors of 9107.
7, 1301
What are the prime factors of 7099?
31, 229
List the prime factors of 1949.
1949
List the prime factors of 31218.
2, 3, 11, 43
What are the prime factors of 1657?
1657
What are the prime factors of 767?
13, 59
What are the prime factors of 78271?
29, 2699
List the prime factors of 55322.
2, 139, 199
List the prime factors of 4441.
4441
List the prime factors of 3857.
7, 19, 29
What are the prime factors of 1966?
2, 983
What are the prime factors of 87764?
2, 37, 593
What are the prime factors of 44418?
2, 3, 11, 673
List the prime factors of 7442.
2, 61
List the prime factors of 667.
23, 29
What are the prime factors of 2732?
2, 683
What are the prime factors of 13685?
5, 7, 17, 23
What are the prime factors of 813?
3, 271
List the prime factors of 28.
2, 7
What are the prime factors of 465?
3, 5, 31
List the prime factors of 3010.
2, 5, 7, 43
What are the prime factors of 2610?
2, 3, 5, 29
What are the prime factors of 89?
89
What are the prime factors of 292?
2, 73
What are the prime factors of 3245?
5, 11, 59
What are the prime factors of 6889?
83
What are the prime factors of 2537?
43, 59
List the prime factors of 807.
3, 269
List the prime factors of 10764.
2, 3, 13, 23
What are the prime factors of 633?
3, 211
List the prime factors of 43060.
2, 5, 2153
